*d + 1764 - 714 = x. What is the highest common factor of d and 7?
7
Let p be (-5 + 2)*(-15)/9. Suppose -12 = 3*l, 7*r - 2*r + l = 61. Let n = r + -11. What is the greatest common divisor of p and n?
1
Let y = -343 - -339. Let r be ((-7)/(-7))/(y/(-96)). Calculate the highest common divisor of 3 and r.
3
Suppose -v = 11*i - 15*i + 62128, 0 = 5*i + 4*v - 77639. What is the greatest common factor of 93 and i?
93
Let m be (-2 - 2) + 31/((-93)/(-18)). Suppose 376 = 4*n + 4*w, 4*w + 234 = m*n + 34. Calculate the greatest common divisor of 3 and n.
3
Let y be (224/10)/4*5. Suppose 851 + 1109 = y*i. What is the greatest common divisor of i and 15?
5
Let i be ((-105)/(-10))/((-36)/(-192)). Let v(a) = 11*a**2 - a. Let m be v(1). Let h be ((-24)/m)/(6/(-20)). What is the highest common divisor of h and i?
8
Let w = 203 - 184. Suppose -9*p - 350 = -w*p. What is the highest common divisor of p and 5?
5
Let z(k) = 202*k - 5442. Let u be z(27). Let l be ((-126)/(-15))/((-1)/(-20)). What is the highest common divisor of l and u?
12
Suppose 0 = -4*g - 9*v + 11*v + 10, -g + 13 = 3*v. What is the greatest common divisor of 1010 and g?
2
Let w = 0 - -5. Suppose -3*m + 12 = -4*r - 14, w*r + 17 = -4*m. Let j(u) = u**2 + 1649*u + 10. Let l be j(0). Calculate the highest common factor of l and m.
2
Suppose 26*x + 31119 = -44*x + 166219. Calculate the highest common divisor of x and 20.
10
Let p(c) = -c**3 - 20*c**2 + 78*c + 759. Let i be p(-22). What is the greatest common divisor of i and 13343?
11
Let u(y) = 62*y - 6. Let j be u(-3). Let k be (-1 + 2)/((-6)/j). Calculate the highest common divisor of 2 and k.
2
Let t be 59760/45 + (-19 - -5). What is the highest common factor of 292 and t?
146
Let w be (-6 + (-85196)/(-95))/(4/170). Calculate the highest common factor of w and 289.
289
Let r = -2622 - -3007. Calculate the highest common factor of 455 and r.
35
Let q(u) be the first derivative of 11*u**2/2 + 140*u + 194. Let y be q(-10). Calculate the greatest common factor of y and 90.
30
Let f = -8516 - -8687. Calculate the highest common factor of f and 22230.
171
Let y(q) = q**3 + 12*q**2 + 19*q - 42. Let l be y(-9). Calculate the highest common factor of l and 4190.
10
Let g = -110 - -115. Suppose g*v - 12*v = -245. Calculate the highest common factor of v and 28.
7
Let w(k) = -k**3 + 12*k**2 + 11*k + 14. Let t be w(13). Let n be (18/(-4))/(-3 + (-33)/t). Calculate the greatest common factor of n and 2.
2
Suppose -5887*y = -5891*y + 448. Let j = 29 + -13. Calculate the greatest common divisor of j and y.
16
Let v be (-1093)/(-4) + (-1)/4. Let k = 29413 + -29374. Calculate the highest common divisor of k and v.
39
Suppose 1330 = 2*d - 2*z, -3*d - 56*z + 58*z + 1994 = 0. Calculate the highest common divisor of 40 and d.
8
Let j be ((-40)/(-4))/5*665/10. Let s = 154 - j. Calculate the highest common factor of s and 231.
21
Let l = 4546 - 4486. Calculate the greatest common divisor of 7980 and l.
60
Let f(z) = 4*z**2 - 79*z - 51. Let c be f(-6). Calculate the greatest common divisor of 28 and c.
7
Let s = 240 + 1024. What is the greatest common divisor of 2 and s?
2
Let z(o) = -17*o**2 + 849*o - 30. Let p be z(32). Calculate the greatest common factor of p and 70.
70
Suppose 0 = 39*m - 40*m + 178. Let v = -155 + m. What is the greatest common factor of 161 and v?
23
Let g be (10 + -10 + 18/(-7))/((-6)/616). What is the greatest common factor of g and 2200?
88
Suppose 5081 - 1049 = 18*l. What is the greatest common factor of 182 and l?
14
Suppose 2*z - 57 = -3. Suppose z = -h + 177. Calculate the greatest common divisor of 20 and h.
10
Let b be ((-8)/12)/((-87)/23751). What is the highest common factor of b and 195?
13
Suppose -291 + 61176 = 15*o. What is the highest common divisor of o and 246?
123
Let t(z) = 4*z**2 - 4*z - 11. Let s be t(22). Let h = -884 + s. Let r be 16/(-112) + (h/7 - 1). What is the greatest common divisor of 15 and r?
15
Suppose 21 = -22*y + 19*y. Let l be y*860/(-70) - -2*1. What is the highest common factor of l and 11?
11
Let v be -6*(-9 + ((-3)/(-1))/3). Suppose 0*g - g - v = 0. Let n = -36 - g. What is the highest common factor of n and 18?
6
Let x = 12856 - 7664. What is the greatest common divisor of x and 354?
118
Suppose 2*t = a + 796, 5*t - 4*a - 1511 - 473 = 0. Let x(p) = -12*p + 2. Let f be x(-4). What is the greatest common factor of f and t?
50
Let g be (8 - 0) + (-8)/1 + 15. Calculate the greatest common divisor of 3600 and g.
15
Let w(c) = -3*c**2 - 70*c - 1. Let u be w(-28). Let o = 609 + u. What is the greatest common divisor of 60 and o?
12
Suppose -4*y = -788 + 136. Let k = y + -111. What is the highest common factor of k and 468?
52
Let b be 36866/4 + 2499/(-714). What is the greatest common factor of b and 83?
83
Let w be 8 - ((-594)/(-72))/(3/(-2096)). Calculate the highest common factor of 13 and w.
13
Let y = 120 + -125. Let t(g) = 2*g**2 - 10 - 2*g - 7*g + g - 3*g**2. Let i be t(y). Calculate the highest common divisor of i and 40.
5
Suppose -11*q + 13*q + 2*c - 364 = 0, -3*c - 854 = -5*q. What is the greatest common divisor of q and 413?
7
Let v(c) = -1401*c + 1771. Let w be v(1). Calculate the greatest common divisor of w and 4551.
37
Let t be -2*644/(-32) - (-3)/(-12). Suppose 95 + 112 = -33*u + 4827. Calculate the greatest common divisor of t and u.
20
Suppose 0 = d - 12 - 54. Suppose -158*v + 179*v - 693 = 0. What is the highest common divisor of v and d?
33
Suppose -4*t = 2*j - 18, -156 = -3*t + 4*j - 159. What is the greatest common divisor of t and 2949?
3
Suppose -5*a + 3540 = -4*u + 7*u, -2105 = -3*a + 2*u. Suppose 7*m + a = 257. Let d = 190 + m. What is the highest common factor of d and 14?
14
Suppose 0 = -p + 26 - 28. Let i(j) = -65*j + 15. Let n(z) = 16*z - 4. Let l(b) = p*i(b) - 9*n(b). Let v be l(-2). What is the highest common factor of 51 and v?
17
Let w be (-11)/44 + (-1646)/8. Let u = 232 + w. Calculate the greatest common divisor of u and 247.
13
Let t = 4158 + -3822. What is the greatest common divisor of t and 60?
12
Suppose -442 = -11*x + 834. What is the highest common factor of x and 145?
29
Let c(a) = 2*a**2 - 197*a - 3177. Let f be c(-18). Calculate the highest common divisor of 6 and f.
3
Let o(f) = 9*f - 3*f + 6*f - 70 + 6*f + 2*f + 2*f**2. Let x be o(-14). Calculate the greatest common divisor of x and 714.
42
Let w be ((-50)/(-40))/(5/280). Let r be 42*(12/9 + -1). Calculate the highest common divisor of r and w.
14
Let v be (450/(-36))/((-15)/204). Calculate the highest common divisor of v and 578.
34
Suppose 0 = 223*w - 37262 - 23840. Calculate the greatest common factor of w and 2.
2
Let t(n) = -3*n + 47. Let c be t(14). Suppose -140 = -c*h + h. Suppose -309 = -o + 2*b, 3*o + b + b - 951 = 0. Calculate the greatest common factor of o and h.
35
Let b = 9049 + -9046. Suppose 2*s = 2 + 30. What is the greatest common divisor of b and s?
1
Let y(d) = -d**2 - 13*d + 10. Let z(l) = 14*l**3 - l**2. Let k be z(1). Let o be -39*(k/3 + -4). Let s be y(o). What is the greatest common factor of 2 and s?
2
Let s = -3761 - -3872. Calculate the highest common divisor of s and 999.
111
Suppose -11*u - 7*u - 15*u + 4389 = 0. What is the highest common factor of 49 and u?
7
Let f = -254 + 258. Suppose f*g + 5*j - 41 - 264 = 0, -148 = -2*g + 2*j. What is the highest common factor of 250 and g?
25
Suppose 1070*x = 1058*x + 41004. Calculate the greatest common factor of 408 and x.
51
Let x(f) = f**3 - 4*f**2 - 5*f + 11. Let g be x(3). Let c(r) = r**3 + 14*r**2 - 7*r + 91. Let l be c(g). What is the highest common divisor of l and 26?
13
Let b be 3067632/846 + 6/(-141). Calculate the greatest common factor of 74 and b.
74
Suppose -65*b + 61*b = -252. Let o = -45 + b. Calculate the highest common factor of o and 144.
18
Suppose 174*m = 153*m - 1974. Suppose -5*a = -15, 4*v - 3*a = -8*a - 397. Let q = m - v. What is the highest common divisor of 15 and q?
3
Suppose 4037441 = 313*n + 295213. Calculate the greatest common factor of 488 and n.
244
Let s be ((39/3)/13)/((-3)/(-43596)). Calculate the highest common divisor of 84 and s.
84
Let t(j) = 2*j**3 - 86*j**2 + 74*j - 763. Let g be t(43). What is the greatest common factor of 295 and g?
59
Let a = -7438 + 7447. What is the greatest common divisor o